3, 5
Suppose 40 = 4*d - 9*d. Let l be (2 - (-3)/(-2))*-10. Let o = l - d. List the prime factors of o.
3
Let l(o) = 2*o - 5. Suppose 7 = 5*q - 8, 3*q = 5*u - 41. List the prime factors of l(u).
3, 5
Let s = -4 - 14. Let z = 4 - s. List the prime factors of z.
2, 11
Let m(s) = s**2 - 5*s - 8. Let c be m(6). What are the prime factors of 60/2 - (c - -3)?
29
Let h(f) = -3*f - 7. Let k be (7 - (-2 - -2))*-1. List the prime factors of h(k).
2, 7
What are the prime factors of 16 + -16 + -1 + 52?
3, 17
Suppose 0 = 2*a - 1 - 29. Suppose -n = 2*n - a. List the prime factors of n.
5
Let y be (0 + 1)/((-1)/9). List the prime factors of 6/(-4)*78/y.
13
Suppose -5*x = 7 + 113. List the prime factors of (12/8)/((-2)/x).
2, 3
Suppose k - 1 = 3*m, -4*k - 3*m + m = -18. What are the prime factors of k?
2
Suppose -7*s = -6*s + 9. Let w(y) = y**3 + 8*y**2 - 11*y + 4. What are the prime factors of w(s)?
2, 11
Suppose -2*k + 30 + 0 = 4*l, 0 = -l + 5*k + 35. Suppose -l = -2*f, 0 = -4*u + 3*f - 7 - 8. Let q(m) = m + 11. What are the prime factors of q(u)?
11
Let a(f) = f - 1. Let p be a(5). Suppose 0 = -5*o + p*z + 192, -4*o = -5*o + 4*z + 48. What are the prime factors of o?
2, 3
Suppose -2*j - 10 = -7*j. Suppose j*a = a. Suppose a = 3*y - 47 + 14. List the prime factors of y.
11
Let o = -28 - -54. List the prime factors of o.
2, 13
List the prime factors of (-1 - (2 - 2)/(-3))*-91.
7, 13
What are the prime factors of ((-1)/(-1))/((-4)/(-252))?
3, 7
Let d be (-1)/4 + (-18)/(-8). Suppose -2*u + 17 = 7, 17 = q + d*u. Let i = -2 + q. List the prime factors of i.
5
Let i(h) = h**2 - 2*h - 4. Let j be i(4). Suppose 0 = -l + j + 19. What are the prime factors of l?
23
Let v = 6 - 4. Suppose -71 = -3*x - v*m + m, 2*x = -5*m + 56. What are the prime factors of x?
23
Let m(r) be the first derivative of 2*r**3/3 - r**2/2 + 2*r - 2. Let l be m(2). Let p = -6 + l. What are the prime factors of p?
2
Suppose -c - m - 2 = 0, 2*c - 13 = c + 4*m. What are the prime factors of 0/(-6) + 7*c?
7
What are the prime factors of 18/4*(10 + -2)?
2, 3
Suppose 2*y = 3*y - 54. Let o = -36 + y. List the prime factors of o.
2, 3
Let p be ((-8)/(-12))/(4/90). Suppose -p = -3*x - 2*x. Suppose 12 = 3*w - x*k, 2*w - 4 = 2*k + k. What are the prime factors of w?
2
Let n be (-2)/(-3) - 104/(-6). Suppose -q + 4*q = n. List the prime factors of q.
2, 3
Let s(n) = -5*n**2 - 2 - 2*n**3 - 3*n + 0*n**3 + 1. Let m be s(-3). Suppose -5*x + m + 43 = 0. What are the prime factors of x?
2, 3
Let f = 129 - 65. Let y = f + -43. What are the prime factors of y?
3, 7
Let g(m) = -2*m + 9. Suppose -12 = 4*t, -3*n = -0*n + 5*t - 3. Let p be g(n). Let k = 10 + p. What are the prime factors of k?
7
Suppose 0 = -3*u - k + 1 - 47, 3*u = 2*k - 52. Let a = 23 + u. List the prime factors of a.
7
Let i = 133 + 239. List the prime factors of i.
2, 3, 31
Let f = -9 + 56. What are the prime factors of f?
47
Let s(d) = -4*d**2 - 3*d + 4. Let p be s(4). Let v = p + 132. Suppose u - v = -3*u. List the prime factors of u.
3, 5
Suppose 5*f = l + 9*f - 57, 5*l = f + 285. What are the prime factors of l?
3, 19
Let g = 2 - -2. Let i = g + -2. Suppose -i*s - 3 = -23. List the prime factors of s.
2, 5
Let h(n) = -12*n - 9. List the prime factors of h(-6).
3, 7
What are the prime factors of (12/27*-3)/((-1)/234)?
2, 3, 13
Let u = 5 + 3. Let t = -4 + u. Suppose -y + 80 = t*y. What are the prime factors of y?
2
Let w(k) = 3*k + 10 - 2*k + 5*k + 2*k - k**3 - 6*k**2. List the prime factors of w(-7).
3
Let x = 57 - 30. Let u be (x/6)/(3/(-4)). Let f = -3 - u. What are the prime factors of f?
3
Suppose 0 = -4*w + 8*w - 64. What are the prime factors of w?
2
Suppose -4*x + 21 = -5*j, 3*x - 14 = -j + 3*j. Let m be (-1)/((-19)/(-18) + j). Let r = m + 28. List the prime factors of r.
2, 5
Let y = 16 + -1. Suppose -1 - y = -4*n. What are the prime factors of n?
2
Let d(a) be the second derivative of -4*a**3/3 + 3*a. Let k be d(2). Let w = k + 22. List the prime factors of w.
2, 3
Suppose 0*c + c = 27. What are the prime factors of c?
3
Let p be 8/(-12)*3 - -2. Suppose r + 4 - 28 = p. What are the prime factors of r?
2, 3
Let m = -2 + 2. Let y = 2 - m. List the prime factors of y.
2
Let r(z) = -9*z + 11. Let i(j) = 8*j - 10. Let x(d) = -6*i(d) - 5*r(d). Let v be x(5). What are the prime factors of (-5)/(v/4) - -9?
11
List the prime factors of 16*2*(-33)/(-24).
2, 11
Let a(f) = 6 - 3 - 3 - 1 - 3*f. List the prime factors of a(-8).
23
Suppose -12 = -3*q - 5*g - 0, -4 = -q - 2*g. Let k(d) = d. Let b be k(4). Suppose b*y + 2*x = -x + 9, q*y + x = 19. List the prime factors of y.
2, 3
Let q(i) = -2*i + 1. Suppose -5*d = 12 + 18. What are the prime factors of q(d)?
13
Let o = -9 + 9. Let j = o - 0. Suppose d = -4*h + 3, -3*h + j = 3*d - 9. List the prime factors of d.
3
Let x(y) = -y**3 - 9*y**2 + 11*y + 12. Let w be x(-10). Suppose 0 = -5*b + 4 + 1, -w*b = -o + 12. What are the prime factors of o?
2, 7
Suppose 2*l - 5*g = 2 - 12, -3*g = l - 17. Suppose i = 5*m + 6, -3*m + m - 53 = -l*i. What are the prime factors of i?
11
Let x(v) = v**2 - v + 1. Let r(i) = -i**3 - 5*i**2 + 5*i - 3. Let h(j) = r(j) + 6*x(j). List the prime factors of h(0).
3
Suppose 0*n - 5*k = -5*n + 1040, k - 608 = -3*n. What are the prime factors of n?
2, 3, 17
Let u = 3 + -2. Suppose 0 = r + 2, -4*r = 4*m - 11 - u. What are the prime factors of m?
5
Let r = 178 - 100. Let g = -37 + r. What are the prime factors of g?
41
Let z = -1 + 5. Suppose 0 = -z*g + 3*g + 10. Let d = g - -1. List the prime factors of d.
11
Let g be (-2 - 0)*53/(-2). Suppose 0*m = h - 3*m + 23, 0 = -3*h + 5*m - g. Let a = h - -25. What are the prime factors of a?
2, 7
Let w(o) = o**3 - 12*o**2 - 11*o - 1. What are the prime factors of w(13)?
5
Let k = -15 - -10. What are the prime factors of (16/k)/(8/(-60))?
2, 3
Suppose -2*l + 29 + 1 = 0. Suppose -3*y = -12 - l. Let j = -4 + y. List the prime factors of j.
5
Let k be 14/(-6)*-3 - 0. Let g = -3 + k. What are the prime factors of g?
2
Let b = 2 - -1. Let o be ((-1)/b)/(2/(-222)). Suppose -5*f - o = -4*z, 3*f = z + 2*f - 8. List the prime factors of z.
3
Let x = -132 + 219. Suppose 4*m - x = m. List the prime factors of m.
29
Suppose -2*u + 7*u + 90 = 0. Let n be 23/3 - 6/u. Suppose 0 = -4*r + i + 41, r - 2*r = 2*i - n. List the prime factors of r.
2, 5
Let i be 2/(-6) - 48/(-9). Suppose -28 + 83 = d. Suppose 4*s + 5*f - 44 = 0, -i*s - f + 4*f = -d. What are the prime factors of s?
11
Let v(j) = j**2 - 3*j - 5. Let o be 4/(-18) - 83/(-9). Let c = o + -4. List the prime factors of v(c).
5
Let k(g) = -g + 1. Let l be k(-3). What are the prime factors of (-2)/l + 340/8?
2, 3, 7
Let f = 6 - 6. What are the prime factors of (4 - (4 + f)) + 33?
3, 11
Suppose -12 = 5*r - 562. List the prime factors of r.
2, 5, 11
Suppose -4*p - m + 166 = m, 4*m - 12 = 0. What are the prime factors of p?
2, 5
Suppose -3*f + 7 = 1. Suppose 3*m + 10 + f = 0. Let h = 7 + m. List the prime factors of h.
3
List the prime factors of (-24)/(-40) + (-704)/(-10).
71
Let l = 48 + 25. List the prime factors of l.
73
What are the prime factors of (-2)/9 - 872/(-36)?
2, 3
Suppose 0 = 3*l + 2*r + 23 - 87, -4*r + 40 = 2*l. What are the prime factors of l?
2, 11
What are the prime factors of 1045/30 + 2/12?
5, 7
Let m = 9 - 6. Suppose -m*a = -22 - 32. What are the prime factors of a?
2, 3
Let o = 4 + -1. Suppose 0 = o*l - 5*l - 2*x + 24, -l + 32 = -4*x. List the prime factors of l.
2
List the prime factors of 7*((-318)/(-70) + 6/10).
2, 3
Let r be 54 + 0/3 + -2. Let n = 89 - r. List the prime factors of n.
37
Let o(f) = 11*f + 7. What are the prime factors of o(8)?
5, 19
Suppose 4*x + 36 = 5*x - 3*n, -2*x - n + 65 = 0. List the prime factors of x.
3, 11
List the prime factors of -1*(-91 - (-6 + 3)).
2, 11
Suppose -3*d + 2*p = 0, 3*d - 2*p = 2*d + 4. Let k = -8 - d. Let w = 8 + k. What are the prime factors of w?
2
Suppose -15*b = -2*b - 793. List the prime factors of b.
61
Suppose -8 = 4*u, 0 = 5*c - 2*u - u - 26. Let v(g) = 4*g. Let m(r) = 8*r + 1. Let x(f) = -4*m(f) + 9*v(f). List the prime factors of x(c).
2, 3
Suppose 82 + 24 = 2*h. Let t = h + -33. List the prime factors of t.
2, 5
Suppose -5*b + 10*b = 30. Let c(i) = 4 + b*i + 0*i**2 + i + 2*i**2. List the prime factors of c(-4).
2
Suppose 4*c - 